, 9473, 30593
List the prime factors of 57765253.
7, 13, 401, 1583
What are the prime factors of 761216780?
2, 5, 31, 1227769
List the prime factors of 184183250.
2, 5, 59, 12487
What are the prime factors of 51320631?
3, 157, 108961
List the prime factors of 6588296863.
47, 67, 2092187
What are the prime factors of 36922532?
2, 9230633
What are the prime factors of 927609796?
2, 181, 1281229
List the prime factors of 498311345.
5, 7, 59, 241313
List the prime factors of 218269001.
17, 83, 154691
List the prime factors of 49949982.
2, 3, 1583, 1753
What are the prime factors of 73592521?
73592521
What are the prime factors of 1399626665?
5, 279925333
List the prime factors of 31789940.
2, 5, 7, 13, 17467
List the prime factors of 133832678.
2, 7, 9559477
What are the prime factors of 2014494753?
3, 16741, 40111
List the prime factors of 95755678.
2, 1993, 24023
List the prime factors of 32568174.
2, 3, 191, 9473
List the prime factors of 690597170.
2, 5, 4013, 17209
List the prime factors of 9162501912.
2, 3, 137, 928883
What are the prime factors of 21123830?
2, 5, 7, 13, 139, 167
What are the prime factors of 984649597?
19, 51823663
List the prime factors of 1264370660.
2, 5, 7, 37, 244087
List the prime factors of 134737578.
2, 3, 577, 12973
What are the prime factors of 115720303?
31, 269, 13877
List the prime factors of 1628916387.
3, 7, 17, 4562791
List the prime factors of 201293867.
6569, 30643
What are the prime factors of 360865456?
2, 7, 263, 12251
What are the prime factors of 1613594938?
2, 37, 1861, 11717
What are the prime factors of 82397186?
2, 19, 2168347
List the prime factors of 136668999.
3, 1033, 44101
What are the prime factors of 415441928?
2, 11, 4720931
List the prime factors of 1294843452.
2, 3, 7, 2789, 5527
What are the prime factors of 42103269?
3, 13, 41, 67, 131
List the prime factors of 1106826627.
3, 19, 349, 55639
List the prime factors of 183644574.
2, 3, 17, 883, 2039
What are the prime factors of 31485307?
7, 139, 32359
What are the prime factors of 2435534847?
3, 167, 1620449
What are the prime factors of 1392968933?
17, 37, 389, 5693
List the prime factors of 37928013.
3, 47, 268993
What are the prime factors of 157923261?
3, 2539, 6911
What are the prime factors of 70711038?
2, 3, 3928391
What are the prime factors of 458825315?
5, 13, 307, 22993
What are the prime factors of 116765866?
2, 7, 8340419
List the prime factors of 1083781350.
2, 3, 5, 239, 3359
List the prime factors of 29353664.
2, 458651
List the prime factors of 570930007.
31, 73, 252289
List the prime factors of 595129235.
5, 119025847
List the prime factors of 633412877.
17, 37259581
List the prime factors of 362687215.
5, 11, 53, 11311
What are the prime factors of 90702725?
5, 37, 98057
What are the prime factors of 626823563?
2113, 296651
List the prime factors of 40590060.
2, 3, 5, 7, 96643
List the prime factors of 388570585.
5, 13, 31, 79, 2441
What are the prime factors of 137198754?
2, 3, 7, 11, 8999
List the prime factors of 565615123.
19, 59, 504563
List the prime factors of 3349546938.
2, 3, 59, 1051333
What are the prime factors of 228051650?
2, 5, 29, 157277
List the prime factors of 2394164231.
23, 313, 332569
What are the prime factors of 294001961?
11, 17, 1572203
What are the prime factors of 594733759?
594733759
List the prime factors of 215486145.
3, 5, 7, 73, 9371
What are the prime factors of 304394953?
19, 53, 302279
List the prime factors of 3393252.
2, 3, 3491
List the prime factors of 132889819.
19, 6994201
List the prime factors of 44835224.
2, 7, 227, 3527
List the prime factors of 157534514.
2, 78767257
What are the prime factors of 2071246282?
2, 7, 41, 137, 26339
List the prime factors of 29103690.
2, 3, 5, 7, 11, 43, 293
What are the prime factors of 668227439?
11, 43, 83, 17021
What are the prime factors of 63852212?
2, 1303, 12251
What are the prime factors of 144335233?
7, 29, 101573
List the prime factors of 77634869.
13, 17, 351289
What are the prime factors of 484206812?
2, 121051703
List the prime factors of 3544486884.
2, 3, 5179, 6337
List the prime factors of 9194117.
419, 21943
List the prime factors of 5310306804.
2, 3, 11, 53, 433, 1753
What are the prime factors of 513365519?
43, 11938733
What are the prime factors of 879247370?
2, 5, 87924737
What are the prime factors of 45621055?
5, 107, 269, 317
What are the prime factors of 386161346?
2, 431, 447983
What are the prime factors of 780425344?
2, 433, 14081
What are the prime factors of 28464085?
5, 13, 437909
List the prime factors of 1037107989.
3, 19, 2021653
What are the prime factors of 469962242?
2, 223, 1053727
What are the prime factors of 268011757?
13, 37, 557197
What are the prime factors of 37487123?
61, 614543
What are the prime factors of 1430996558?
2, 3727, 191977
List the prime factors of 39255153.
3, 7, 1869293
What are the prime factors of 834565401?
3, 53, 79, 22147
List the prime factors of 96646556.
2, 24161639
List the prime factors of 28412480.
2, 5, 88789
List the prime factors of 801814983.
3, 23, 41, 151, 1877
What are the prime factors of 206441579?
206441579
List the prime factors of 3473010082.
2, 1736505041
List the prime factors of 327866257.
29, 167, 67699
List the prime factors of 49013729.
49013729
List the prime factors of 593710997.
11, 29, 277, 6719
List the prime factors of 859348993.
107, 8031299
What are the prime factors of 69722324?
2, 7, 19, 83, 1579
List the prime factors of 68044279.
68044279
List the prime factors of 214493688.
2, 3, 109, 151, 181
What are the prime factors of 3173692741?
89, 35659469
List the prime factors of 515016892.
2, 13, 103, 96157
List the prime factors of 21812525.
5, 7, 124643
What are the prime factors of 1748341587?
3, 107, 431, 12637
What are the prime factors of 98025947?
3919, 25013
List the prime factors of 533235765.
3, 5, 401, 88651
List the prime factors of 54777877.
7, 11, 617, 1153
List the prime factors of 64893947.
17, 3817291
What are the prime factors of 350177227?
127, 709, 3889
What are the prime factors of 1371505670?
2, 5, 107, 1281781
What are the prime factors of 346562015?
5, 1811, 38273
List the prime factors of 119524390.
2, 5, 11952439
List the prime factors of 106335424.
2, 13, 127807
What are the prime factors of 21962721?
3, 11, 181, 3677
List the prime factors of 5431448318.
2, 32089, 84631
What are the prime factors of 46502945?
5, 31, 89, 3371
What are the prime factors of 2669604?
2, 3, 7, 61, 521
List the prime factors of 51767800.
2, 5, 7, 103, 359
What are the prime factors of 684157495?
5, 7, 1009, 19373
What are the prime factors of 128489611?
128489611
What are the prime factors of 44734333?
7, 23, 31, 8963
List the prime factors of 257875807.
7, 36839401
What are the prime factors of 5907701?
31, 149, 1279
List the prime factors of 7289054038.
2, 7, 137, 3800341
List the prime factors of 171943956.
2, 3, 4776221
List the prime factors of 488524446.
2, 3, 71, 42473
List the prime factors of 213568792.
2, 26696099
What are the prime factors of 1064921717?
281, 3789757
What are the prime factors of 4081240544?
2, 7451, 17117
What are the prime factors of 1130890514?
2, 13, 43495789
What are the prime factors of 771255668?
2, 192813917
What are the prime factors of 581187397?
7, 1777, 46723
List the prime factors of 152678894.
2, 76339447
List the prime factors of 1013422927.
11, 4937, 18661
List the prime factors of 1454410229.
31, 449, 104491
List the prime factors of 226666827.
3, 19, 233, 5689
List the prime factors of 220157195.
5, 31, 1420369
What are the prime factors of 98022136?
2, 17, 23, 31337
What are the prime factors of 449065962?
2, 3, 97, 311, 827
What are the prime factors of 383864344?
2, 37, 1296839
What are the prime factors of 1406724999?
3, 1373, 341521
What are the prime factors of 69876309?
3, 631, 36913
List the prime factors of 2582403995.
5, 4909, 105211
List the prime factors of 2573053891.
19, 109, 1242421
What are the prime factors of 22236816?
2, 3, 7, 17, 229
What are the prime factors of 445181481?
3, 3413, 4831
What are the prime factors of 38293391?
47, 73, 11161
List the prime factors of 139102760.
2, 5, 3477569
List the prime factors of 5365412264.
2, 29, 23126777
List the prime factors of 203